hen h is divided by 19?
16
Let b(m) = 9*m + 17. Let v(d) = 3*d - 10. Let q be v(7). Let j(z) = 5*z + 9. Let p(y) = q*j(y) - 6*b(y). Calculate the remainder when 4 is divided by p(6).
1
Suppose -61 = -2*h - 5*y, 3*y = 3*h - 115 + 34. Suppose 0 = -j + 3*j - h. What is the remainder when 53 is divided by j?
11
Let n = 9 + 41. Calculate the remainder when n is divided by 13.
11
Let a(t) = t + 3. Let f be a(5). Let h(m) = m**2 - 7*m + 2. Calculate the remainder when h(f) is divided by 3.
1
Suppose 2*z - 22 = -0*z + 4*j, 5*j + 25 = 0. Let m be z/(1 + 0) + 5. Let y(c) = c**2 - 4*c - 8. What is the remainder when y(m) is divided by 2?
0
Suppose -5*o = -21 + 1. Suppose 2 = -2*y - 2, 0 = q - 4*y - 10. Calculate the remainder when 32 is divided by (-66)/o*q/(-3).
10
Suppose 23*w - 9*w = 350. Calculate the remainder when w is divided by 6.
1
Suppose -2*r + 142 = 60. What is the remainder when 204 is divided by r?
40
Suppose -4*p - 6 = 3*q - 42, -24 = -3*p - 3*q. Let m = 205 - 110. Let u = m - 62. Calculate the remainder when u is divided by p.
9
Let c(d) = d**2 - d + 9. What is the remainder when 26 is divided by c(0)?
8
Suppose -4*k = -3*j + 148, -2*k + 108 = 2*j - 0*j. What is the remainder when j is divided by 18?
16
Suppose -13 = -3*y + 2. Suppose -y*n = 147 - 462. Calculate the remainder when n is divided by 22.
19
Suppose 2 = -f + 4. Let t = f - -7. What is the remainder when 33 is divided by t?
6
Suppose -3*h - 22 = -5*x, h = 4*x - 3*h - 16. What is the remainder when (-2 + -16)*2/(-4) is divided by x?
4
Suppose 3*p = 2*p + 12. Let v(r) = -r**3 + r**2 + r + 46. What is the remainder when v(0) is divided by p?
10
Suppose -2*p + 38 + 34 = 0. Calculate the remainder when p is divided by 14 + (-7)/14*2.
10
Let v(a) = a**3 - 12*a**2 + 12*a + 3. Calculate the remainder when 37 is divided by v(11).
9
Let p = 337 + -220. Calculate the remainder when 25 is divided by ((-2)/(-3))/(6/p).
12
Let q(x) = 2*x**2 + 3*x - 4. Let h(s) = -2*s + 7. Let m be h(5). Calculate the remainder when 13 is divided by q(m).
3
Let z = -2 - -12. Calculate the remainder when 18 is divided by z.
8
Let a = 15 - 10. Suppose 3*o = -3*u + 165, -a*o - 89 = -3*u + u. Suppose -3*w = 10 - u. Calculate the remainder when 27 is divided by w.
13
Let j(d) = 24*d + 1. Let x be -1 + 1 + -6 + 9. Let w = 4 - x. What is the remainder when j(w) is divided by 9?
7
Suppose s = -2*d + 40, -4*s + 128 = 4*d + 40. Let z = -46 - -99. Calculate the remainder when z is divided by d.
17
Let u(w) = -w**3 + 4*w**2 - 4*w + 1. Let f be 13/3 + 1/(-3). Let j be u(f). What is the remainder when 70*-1*12/j is divided by 19?
18
What is the remainder when 22 is divided by 2/(-4) + 5/(-6)*-15?
10
Suppose -3*q + 5*x + 183 = -41, -3*x = -q + 80. What is the remainder when q is divided by 14?
12
Suppose 5*u - 73 = 2. Suppose 0*d - u = -5*d. Calculate the remainder when 5 is divided by d.
2
Calculate the remainder when 24 - 0 - (1 - -2) is divided by 12.
9
Let x(a) = a**3 + a**2 + a. Let u(d) = -2*d**3 + 2*d**2 + 2*d - 1. Let z(c) = u(c) - 2*x(c). What is the remainder when z(-2) is divided by 16?
15
What is the remainder when 29 is divided by (-1)/2 + -1*33/(-6)?
4
Suppose 74 + 128 = 2*f. Let g = f - -29. What is the remainder when g is divided by 33?
31
Let m(n) = -5*n + 5 + n**2 + 10 - 5*n. What is the remainder when 58 is divided by m(10)?
13
Let t = -48 - -53. What is the remainder when 12 is divided by t?
2
Calculate the remainder when 29 is divided by 8/12*6*4.
13
Suppose 365 = 5*y - 35. Suppose 0*u - 3*u = 15, 5*z - y = 3*u. What is the remainder when 49 is divided by z?
10
Let d(l) = l**3 + 7*l**2 + 5*l - 5. Let w = -13 + 14. What is the remainder when d(-6) is divided by w?
0
Suppose 3*l + 52 + 8 = 3*k, 3*k - 60 = -4*l. Calculate the remainder when 77 is divided by k.
17
Let d(r) = 8*r - 1. Let v be (3 - (-2)/1)*1. Suppose 0 = -3*k + 31 + v. What is the remainder when k is divided by d(1)?
5
Let p = 9 + -5. Suppose z = -z + p. What is the remainder when 11 is divided by (4/8)/(z/24)?
5
Suppose -2*v + 5*z - 19 = 0, -3*v - z + 3*z - 1 = 0. What is the remainder when (15/2)/v*2 is divided by 3?
2
Let d(i) = i**2 + 7*i + 6. Let z be d(-6). Suppose z = -3*w + 8*w - 70. What is the remainder when 25 is divided by w?
11
Let z be (-3)/(1/(8/3)). Let y = z + 16. Calculate the remainder when (-3*1)/(7 - 6) + 32 is divided by y.
5
Let i(a) = -4*a - 7. Let r = 9 + -16. Suppose 5*z + 5*w - 204 = -14, 5*z - 192 = -4*w. Calculate the remainder when z is divided by i(r).
19
Suppose 0*j + 4*j + 3*t = -111, -2*j + 4*t - 28 = 0. Let b = -9 - j. Suppose 79 - 208 = -3*g. Calculate the remainder when g is divided by b.
13
Let x = 2 + 9. Calculate the remainder when 52 is divided by x.
8
Suppose 0 = 3*k - 17 - 10. Suppose -a + 204 = 5*a. What is the remainder when a is divided by k?
7
Suppose -2 + 41 = 3*l. What is the remainder when -7 + 7 - 10*-5 is divided by l?
11
Suppose 38 = 3*u - w, u + 6*w - 9*w - 26 = 0. Suppose 2 = -g, 6*y = y - 3*g + 89. Calculate the remainder when y is divided by u.
8
Suppose -101 + 620 = -3*p. Let j = -118 - p. Suppose 5*v - 5*b = 95, -3*v + 53 = -v - 5*b. Calculate the remainder when j is divided by v.
13
Let z(x) = -x**3 + 13*x**2 + 4*x - 43. Let b = -4 - -21. Let g = b + 9. Calculate the remainder when g is divided by z(13).
8
Let m(n) = -13*n + 24. Calculate the remainder when m(-11) is divided by 21.
20
Let p(k) = k**2 - 8*k - 6. Let j(y) = y**2 + y - 4. Let m be j(-4). Let a be p(m). What is the remainder when 6/(-4) - 63/a is divided by 4?
1
Let a be 3/5 + 974/10. Suppose 0 = 3*b + 3*u + u - a, -5*u = 3*b - 97. Calculate the remainder when (1 + 2)*b/3 is divided by 12.
10
Let i = -13 - -33. What is the remainder when 59 is divided by i?
19
Let v(d) = 2*d**2 + 6*d - 8. Calculate the remainder when 83 is divided by v(-6).
27
Let a(p) = p**2 + 2*p + 1. Let m be a(-3). Suppose 0 = -m*w + 2*w + 22. Calculate the remainder when 21 is divided by w.
10
Suppose -5*k + 4 = -4*a, 4*k + 0*k + a = 20. What is the remainder when 22 is divided by k?
2
Suppose -f + 1 + 28 = -c, 5*c + 95 = 3*f. Let v(k) = k**3 - 5*k**2 - 5*k + 3. What is the remainder when f is divided by v(6)?
7
Suppose -4*a - a = -275. What is the remainder when a is divided by 14?
13
Suppose -6*v = -2*v - 16. Suppose 0 = 2*b + 12 - 4, v*b + 31 = -3*u. Calculate the remainder when (u - 1)*15/(-10) is divided by 5.
4
Suppose -5*k + 10*k - 80 = 0. Suppose -16 = -5*r + 9, -r + 95 = 3*s. What is the remainder when s is divided by k?
14
Calculate the remainder when 90 is divided by (2 - -27) + (-1 - 3).
15
Calculate the remainder when 24 is divided by (-57)/133 + 188/14.
11
Let l(r) = r + 1. Let i be l(-1). Suppose -b - 4*b + 100 = i. Let m = 0 + 11. Calculate the remainder when b is divided by m.
9
Let y(o) = 5*o**2 - 10*o. Let x(p) = p**2 - p. Let b(g) = 6*x(g) - y(g). Let v = 8 + -4. What is the remainder when b(v) is divided by 17?
15
Suppose 4*r - 19 = -5*i + 133, -125 = -3*r - i. Calculate the remainder when r is divided by 15.
13
Suppose j - 3*u - 37 = -2*u, 0 = -3*j + 4*u + 110. Suppose -4*a = 23 - 91. Let l = -4 + a. Calculate the remainder when j is divided by l.
12
Let s(f) = 7*f**2. Suppose 3 - 6 = -3*k. Suppose 3*c - 72 = -12*x + 7*x, c + 5*x - 34 = 0. What is the remainder when c is divided by s(k)?
5
Suppose 17 = -5*k + 4*q + 176, 0 = 5*k - 2*q - 167. What is the remainder when k is divided by 18?
17
Let a(t) be the second derivative of -t**4/12 + 5*t**3/2 - 11*t**2/2 - 5*t. Calculate the remainder when a(9) is divided by 11.
10
Calculate the remainder when 150 is divided by (-66)/88 - 207/(-4).
48
Suppose -7 = -x - 5*h, 4*h + 23 = 4*x - 5. Calculate the remainder when (2 - 7)/((-23)/115) is divided by x.
4
Let f = 24 + -5. Calculate the remainder when f is divided by 11.
8
Let s(m) = -3*m + 8. Let v be (-5 + (2 - 0))*3. Let r(a) = -6*a + 17. Let k(h) = v*s(h) + 4*r(h). What is the remainder when k(3) is divided by 3?
2
Let a(j) = -j**3 - 6*j**2 - 8*j + 2. Let o be a(-7). Let c = o - 34. Calculate the remainder when c is divided by 25.
23
Suppose -5*p + 7*p = 70. Calculate the remainder when p is divided by 10.
5
Suppose -4*s + 5*s - 44 = 5*y, -4*y = 4*s - 56. Suppose -2*j - 3*q + s = -4, -5*j + 69 = -4*q. What is the remainder when